 divided by a(p)?
8
Let d(a) = 62*a + 1434. What is the remainder when 213 is divided by d(-22)?
3
Let x(j) = j**3 + 8*j**2 - 19*j + 30. Let q be x(-10). Calculate the remainder when 389 is divided by q*(29/4 + -4).
64
Let i(b) = b**2 - 6*b + 4. Let d = -1913 + 1228. Let z = d + 697. Calculate the remainder when z is divided by i(6).
0
Let y be (-13)/39 + 200/(-12). Let p = 44 - y. Calculate the remainder when p is divided by 49.
12
Let l(u) = -15*u + 123. Let t be l(8). Suppose -3*g - t*p + 348 = 0, 3*p - 469 = -5*g + g. What is the remainder when g is divided by 50?
21
Suppose 0 = -78*l + 123*l - 684315. Calculate the remainder when l is divided by 39.
36
Let m be 63/2 + (-32)/64. Suppose -2*z + m = -d, -3*z + 5*d + 13 = -16. What is the remainder when 207 is divided by z?
9
Let t(a) = a. Let v(m) = -8*m**2 + 6*m - 11. Let n(b) = -7*b**2 + 7*b - 11. Let r(s) = 6*n(s) - 5*v(s). What is the remainder when t(5) is divided by r(4)?
0
Let p(l) = l**2 - 3*l. Let c be p(7). Let o = c - -18. Calculate the remainder when o is divided by 5 - (12/(-2) - 1).
10
What is the remainder when (-596)/(-5) - ((-17)/340 - (-4)/16) is divided by 61?
58
Suppose -11 = 4*d - 143. Let t = -6 + 9. Suppose -4*c - t + 71 = 0. What is the remainder when d is divided by c?
16
Let l = -7625 - -7942. What is the remainder when 1279 is divided by l?
11
Let a = 77 + -63. Let y be -3 + -1 - (a - 127). What is the remainder when 60/90 - (-1)/3*y is divided by 10?
7
Suppose -30*o + 35*o - 795 = 0. Suppose 0 = 8*q - 97 - o. Suppose 0 = 4*h - 96 + q. What is the remainder when 45 is divided by h?
13
Suppose -147 = -5*q - 97. Suppose 2015 + 281 = 8*l. What is the remainder when l is divided by q?
7
Suppose 5*a = 4*a + 4, 3*a - 51 = -3*d. What is the remainder when (489 + -488)/((-1081)/(-270) + (-100)/25) is divided by d?
10
Let b = -3237 + 4038. What is the remainder when b is divided by 32?
1
Suppose -19*g + 137904 = -27*g. What is the remainder when g/(-182) + (-2)/(-7) is divided by 17?
10
Let i be (-2*150/8)/((-2)/4). Suppose 5*p = -x + i, -5*p + 0*p + 20 = 0. Calculate the remainder when x is divided by 30.
25
Let m be (-440)/5 - 2*(-8)/(-4). Let q = 60 - m. Calculate the remainder when q is divided by 26.
22
Let d be (40/(-100))/((-2)/60). Let w be 15*(4/d + 0). Suppose -135 = -w*t - 5*b, 0 = 3*t - 5*b - 28 - 13. What is the remainder when t is divided by 12?
10
Let b(y) = -y**3 - 3*y**2 + y + 5. Suppose 224 = 4*j + 4*n, 288 = 2*j + 6*n + 180. Calculate the remainder when j is divided by b(-4).
6
Let w(c) = -c**2 + 86*c + 611. Calculate the remainder when w(0) is divided by 299.
13
Let q = 429 + -402. What is the remainder when 308 is divided by q?
11
Let r(v) = v**3 - 22*v**2 + 59*v - 11. Let a be r(19). What is the remainder when 138/4 + a/(-18) is divided by 30?
3
Let n = 135 - 103. Calculate the remainder when n is divided by ((-3102)/(-188))/((-3)/(-4)).
10
Let d(c) = 4*c**2 - 24*c - 51. Let o be d(16). Let i = o - 585. Calculate the remainder when 28 is divided by i.
0
Let p be (-1674)/14 - ((-50)/(-35) - 1). Let f = p - -121. Calculate the remainder when 2 is divided by f.
0
Suppose -16 = -5*d + 9. Suppose -d*k = -7*k. Let i(u) = u**3 + u**2 - 2*u + 104. Calculate the remainder when i(k) is divided by 21.
20
Suppose 0 = -l - 1, -1 = -2*j - l + 4. Suppose 9 = j*q, 2*v + 3*q + 2*q = 3. Calculate the remainder when ((-1)/((-3)/v))/((-4)/64) is divided by 7.
4
Suppose 0 = 3*h + 288 - 144. What is the remainder when (h/36)/(2/(-66)) is divided by 18?
8
Let g = 310 - 1615. Let k(j) = j**2 - 5*j + 2. Calculate the remainder when k(6) is divided by (-8990)/g + (-2)/(-18).
1
Let p(s) = -s**3 + 86*s**2 - 84*s + 484. Calculate the remainder when p(85) is divided by 9.
2
Let m(n) be the second derivative of 19*n**4/12 + 4*n**3/3 - 2*n**2 - n + 37. What is the remainder when m(-3) is divided by 36?
35
Let q(o) = -3957 - 3896 - 28*o + 7972 + o**2. Calculate the remainder when 13 is divided by q(23).
1
Let d = 340228 + -339771. Let f = -6 - -23. What is the remainder when d is divided by f?
15
Let h = 2125 - 1727. What is the remainder when h is divided by 132?
2
Suppose l + 39 = f - 4*l, -2*l = -3*f + 195. Calculate the remainder when 4565 is divided by f.
11
Let c(h) = -h**3 - 8*h**2 - 3*h - 8. Let b = 81 + -26. Suppose 3*s - b = 272. Calculate the remainder when s is divided by c(-8).
13
Let v = 271 - 276. Suppose h - 14 = -0*h. Calculate the remainder when h is divided by (10 + -6 + -5)*v.
4
Suppose -44*b + 42*b + 466 = 5*a, 0 = -2*b + 3*a + 514. What is the remainder when b is divided by 16?
8
Calculate the remainder when -851*639/(-90) - 2/20*1 is divided by 32.
26
Let y(v) = -15*v - 57. Let u be y(-4). Suppose 115 = 4*z + 6*l - l, u*l - 57 = -2*z. Let d(j) = 116*j**2 + 1. What is the remainder when d(-1) is divided by z?
27
Let m be 2/(3/(-1) + 5). Let s(n) = 8*n**2 + n**3 + 2*n + 6 + m + 2*n. What is the remainder when s(-5) is divided by 22?
18
Let k be 0*3/(-12)*-2. Suppose -160 = -5*r - k*r. Calculate the remainder when r is divided by (48/56)/(-2*(-3)/42) + -1.
2
Let w = -178 - -180. Suppose w*l - 20 = l. Suppose 5*q + 15 = 5*h - 380, -5*h + q + 387 = 0. What is the remainder when h is divided by l?
17
Let g = 30 - 28. Suppose -d = -g*n - n + 22, 4*d = 20. Suppose 0 = 4*r - n*r - 4*f + 530, 3*r + f = 311. What is the remainder when r is divided by 26?
24
Let i(g) = 974*g + 2928. What is the remainder when (8/20)/((-3)/(-1590)) is divided by i(-3)?
2
Let i be 8/(-2)*(-2)/4. Suppose 35 - 9 = i*m. Let d(y) = -y**3 - 3*y - 3. Calculate the remainder when d(-3) is divided by m.
7
Let q = 80 - 53. Suppose c - 32 = q. Calculate the remainder when c is divided by 6.
5
Calculate the remainder when 1619 is divided by (4 - (-116)/(-14))/((-75)/630).
35
Suppose 2*h - 34 = a, -6*h + 3*h - 3*a + 60 = 0. Suppose -64*y = -62*y - h. What is the remainder when (-133)/(-3) + 1/(-3) is divided by y?
8
Let h = 24 + -6. What is the remainder when ((-34)/(-17))/((-24)/(-40) - (-413)/(-705)) is divided by h?
15
Let x = -543 + 588. What is the remainder when 259 is divided by x?
34
Suppose 623*n - 16883 = 9283. Let z = -29 + 51. Calculate the remainder when n is divided by z.
20
Let p(m) = -m**3 - 14*m**2 + 16*m + 324. Calculate the remainder when p(-14) is divided by 69.
31
Let m(r) be the third derivative of r**5/30 - 5*r**4/12 - 13*r**3/6 - 10*r**2. Let x = -697 - -712. Calculate the remainder when m(9) is divided by x.
14
Let w(v) be the second derivative of -11*v**3/6 + 159*v**2 + 12*v + 5. Calculate the remainder when 38 is divided by w(27).
17
Suppose 164*q - 106*q = 1972. Suppose -102 = -2*u + 116. Calculate the remainder when u is divided by q.
7
Let s be (-11)/((-22)/4) + 2. Suppose 174 = 2*p - s*u, -5*p = -2*u - 0*u - 395. What is the remainder when p is divided by (1/((-4)/80))/(-1)?
17
Let m(c) = -2*c**3 + 13*c**2 - 30*c - 121. Calculate the remainder when m(-5) is divided by 16.
12
What is the remainder when -1 + 7535/11 - -14 is divided by 18?
14
Let q(m) = -31*m - 99. Let x be q(-14). Suppose 3*g - 525 = -4*s + x, 5*s + g = 1064. Calculate the remainder when s is divided by 18.
14
Let m = 369 - 78. Let a = m + -263. Suppose n - 4 = 6. What is the remainder when a is divided by n?
8
Let b = 6517 + -5759. Calculate the remainder when b is divided by 36.
2
Let r(n) = -2*n**3 - 3*n**2 - 5*n - 2. Let m be r(-1). Let k(o) = -5*o + 22. What is the remainder when 90 is divided by k(m)?
6
Let h(l) = 13*l**2 - 429*l - 53. What is the remainder when h(34) is divided by 26?
25
Let g = -90 - -207. What is the remainder when g is divided by 20/(-140) + 281/7?
37
Let k be (-10)/(-40) + 431/4. Let h = -149 - -288. Let r = h + k. Calculate the remainder when r is divided by 62.
61
Suppose -5 = m, -2*m - 1 = a - 111. What is the remainder when 1553 is divided by a?
113
Let u(a) = 2*a**2 + 114*a + 555. Calculate the remainder when 1869 is divided by u(-52).
14
Suppose -n = -5*y + 121, -y - 3*n = 3*y - 112. Suppose -15322 + 2680 = -86*w. What is the remainder when w is divided by y?
22
Let s = 128 + -84. Suppose 4*w - 4 = s. Let x(t) = -t**2 + 19*t - 25. What is the remainder when x(w) is divided by 33?
26
Suppose -26*w + 30 = -21*w. Suppose 5*m = 4*t + 4*m - 33, -m = -t + w. Suppose -7*x - 11